Last updated on 2025-11-15 17:48:44 CET.
| Flavor | Version | Tinstall | Tcheck | Ttotal | Status | Flags |
|---|---|---|---|---|---|---|
| r-devel-linux-x86_64-debian-clang | 3.3.1 | 13.80 | 99.29 | 113.09 | NOTE | |
| r-devel-linux-x86_64-debian-gcc | 3.3.1 | 7.21 | 65.71 | 72.92 | NOTE | |
| r-devel-linux-x86_64-fedora-clang | 3.3.1 | 34.00 | 141.47 | 175.47 | OK | |
| r-devel-linux-x86_64-fedora-gcc | 3.3.1 | 27.00 | 136.13 | 163.13 | OK | |
| r-devel-windows-x86_64 | 3.3.1 | 16.00 | 106.00 | 122.00 | OK | |
| r-patched-linux-x86_64 | 3.3.1 | 12.73 | 92.98 | 105.71 | OK | |
| r-release-linux-x86_64 | 3.3.1 | 14.04 | 92.99 | 107.03 | OK | |
| r-release-macos-arm64 | 3.3.1 | 7.00 | 57.00 | 64.00 | OK | |
| r-release-macos-x86_64 | 3.3.1 | 12.00 | 65.00 | 77.00 | OK | |
| r-release-windows-x86_64 | 3.3.1 | 15.00 | 108.00 | 123.00 | OK | |
| r-oldrel-macos-arm64 | 3.3.1 | 5.00 | 38.00 | 43.00 | OK | |
| r-oldrel-macos-x86_64 | 3.3.1 | 7.00 | 49.00 | 56.00 | OK | |
| r-oldrel-windows-x86_64 | 3.3.1 | 20.00 | 137.00 | 157.00 | OK |
Version: 3.3.1
Check: CRAN incoming feasibility
Result: NOTE
Maintainer: ‘Rosaria Lombardo <rosaria.lombardo@unicampania.it>’
No Authors@R field in DESCRIPTION.
Please add one, modifying
Authors@R: c(person(given = "Rosaria",
family = "Lombardo",
role = c("aut", "cre"),
email = "rosaria.lombardo@unicampania.it"),
person(given = c("Eric", "J"),
family = "Beh",
role = "aut"),
person(given = "Michel",
family = "van de Velden",
role = "aut"))
as necessary.
Flavors: r-devel-linux-x86_64-debian-clang, r-devel-linux-x86_64-debian-gcc