Last updated on 2025-11-04 01:50:57 CET.
| Flavor | Version | Tinstall | Tcheck | Ttotal | Status | Flags | 
|---|---|---|---|---|---|---|
| r-devel-linux-x86_64-debian-clang | 0.4.9 | 20.50 | 149.95 | 170.45 | NOTE | |
| r-devel-linux-x86_64-debian-gcc | 0.4.9 | 13.85 | 102.32 | 116.17 | NOTE | |
| r-devel-linux-x86_64-fedora-clang | 0.4.9 | 78.00 | 183.71 | 261.71 | NOTE | |
| r-devel-linux-x86_64-fedora-gcc | 0.4.9 | 65.00 | 215.81 | 280.81 | NOTE | |
| r-devel-windows-x86_64 | 0.4.9 | 22.00 | 157.00 | 179.00 | NOTE | |
| r-patched-linux-x86_64 | 0.4.9 | 21.26 | 135.78 | 157.04 | NOTE | |
| r-release-linux-x86_64 | 0.4.9 | 17.03 | 137.64 | 154.67 | NOTE | |
| r-release-macos-arm64 | 0.4.9 | 7.00 | 58.00 | 65.00 | NOTE | |
| r-release-macos-x86_64 | 0.4.9 | 15.00 | 112.00 | 127.00 | NOTE | |
| r-release-windows-x86_64 | 0.4.9 | 20.00 | 145.00 | 165.00 | NOTE | |
| r-oldrel-macos-arm64 | 0.4.9 | 7.00 | 54.00 | 61.00 | NOTE | |
| r-oldrel-macos-x86_64 | 0.4.9 | 13.00 | 96.00 | 109.00 | NOTE | |
| r-oldrel-windows-x86_64 | 0.4.9 | 27.00 | 198.00 | 225.00 | NOTE | 
Version: 0.4.9
Check: Rd files
Result: NOTE
  checkRd: (-1) BETSsearch.Rd:56: Lost braces
      56 |        \item{To exclude whole expressions from the search, surround them with code{' '} and insert a \code{~} before each of them.
         |                                                                                   ^
  checkRd: (-1) dummy.Rd:23: Lost braces; missing escapes or markup?
      23 | \item{date}{a \code{list}. The periods for which the dummy must be set to one. Periods must be represented as {integer vectors}, as described for \code{start} and \code{end}.}
         |                                                                                                               ^
  checkRd: (-1) dummy.Rd:25: Lost braces; missing escapes or markup?
      25 | \item{from}{An \code{integer vector} The starting period of a sequence of perids for which the dummy must be set to one. Periods must be represented as {integer vectors}, as described for \code{start} and \code{end}.}
         |                                                                                                                                                         ^
  checkRd: (-1) dummy.Rd:27: Lost braces; missing escapes or markup?
      27 | \item{to}{The ending period of a sequence of perids for which the dummy must be set to one. Periods must be represented as {integer vectors}, as described for \code{start} and \code{end}.}
         |                                                                                                                            ^
Flavors: r-devel-linux-x86_64-debian-clang, r-devel-linux-x86_64-debian-gcc, r-devel-linux-x86_64-fedora-clang, r-devel-linux-x86_64-fedora-gcc, r-devel-windows-x86_64, r-patched-linux-x86_64, r-release-linux-x86_64, r-release-macos-arm64, r-release-macos-x86_64, r-release-windows-x86_64, r-oldrel-macos-arm64, r-oldrel-macos-x86_64, r-oldrel-windows-x86_64
Version: 0.4.9
Check: LazyData
Result: NOTE
    'LazyData' is specified without a 'data' directory
Flavors: r-oldrel-macos-arm64, r-oldrel-macos-x86_64, r-oldrel-windows-x86_64