Last updated on 2025-10-30 21:48:44 CET.
| Flavor | Version | Tinstall | Tcheck | Ttotal | Status | Flags | 
|---|---|---|---|---|---|---|
| r-devel-linux-x86_64-debian-clang | 0.1.3 | 11.84 | 83.56 | 95.40 | NOTE | |
| r-devel-linux-x86_64-debian-gcc | 0.1.3 | 6.56 | 57.33 | 63.89 | NOTE | |
| r-devel-linux-x86_64-fedora-clang | 0.1.3 | 40.00 | 119.00 | 159.00 | OK | |
| r-devel-linux-x86_64-fedora-gcc | 0.1.3 | 23.00 | 133.27 | 156.27 | OK | |
| r-devel-windows-x86_64 | 0.1.3 | 12.00 | 86.00 | 98.00 | OK | |
| r-patched-linux-x86_64 | 0.1.3 | 10.73 | 78.34 | 89.07 | OK | |
| r-release-linux-x86_64 | 0.1.3 | 11.42 | 78.73 | 90.15 | OK | |
| r-release-macos-arm64 | 0.1.3 | 5.00 | 50.00 | 55.00 | OK | |
| r-release-macos-x86_64 | 0.1.3 | 12.00 | 86.00 | 98.00 | OK | |
| r-release-windows-x86_64 | 0.1.3 | 13.00 | 89.00 | 102.00 | OK | |
| r-oldrel-macos-arm64 | 0.1.3 | 5.00 | 38.00 | 43.00 | NOTE | |
| r-oldrel-macos-x86_64 | 0.1.3 | 8.00 | 63.00 | 71.00 | NOTE | |
| r-oldrel-windows-x86_64 | 0.1.3 | 16.00 | 109.00 | 125.00 | NOTE | 
Version: 0.1.3
Check: CRAN incoming feasibility
Result: NOTE
  Maintainer: ‘Manuel Wiesenfarth <m.wiesenfarth@dkfz.de>’
  
  No Authors@R field in DESCRIPTION.
  Please add one, modifying
    Authors@R: c(person(given = "Annette",
                        family = "Kopp-Schneider",
                        role = "aut"),
                 person(given = "Manuel",
                        family = "Wiesenfarth",
                        role = c("aut", "cre"),
                        email = "m.wiesenfarth@dkfz.de"),
                 person(given = "Ulrich",
                        family = "Abel",
                        role = "aut"))
  as necessary.
  
  Package CITATION file contains call(s) to old-style personList() or
  as.personList().  Please use c() on person objects instead.
  Package CITATION file contains call(s) to old-style citEntry().  Please
  use bibentry() instead.
Flavors: r-devel-linux-x86_64-debian-clang, r-devel-linux-x86_64-debian-gcc
Version: 0.1.3
Check: LazyData
Result: NOTE
    'LazyData' is specified without a 'data' directory
Flavors: r-oldrel-macos-arm64, r-oldrel-macos-x86_64, r-oldrel-windows-x86_64