Last updated on 2025-11-20 01:48:27 CET.
| Flavor | Version | Tinstall | Tcheck | Ttotal | Status | Flags |
|---|---|---|---|---|---|---|
| r-devel-linux-x86_64-debian-clang | 1.13 | 5.45 | 54.04 | 59.49 | NOTE | |
| r-devel-linux-x86_64-debian-gcc | 1.13 | 3.83 | 39.08 | 42.91 | NOTE | |
| r-devel-linux-x86_64-fedora-clang | 1.13 | 14.00 | 72.94 | 86.94 | NOTE | |
| r-devel-linux-x86_64-fedora-gcc | 1.13 | 22.00 | 58.76 | 80.76 | NOTE | |
| r-devel-windows-x86_64 | 1.13 | 17.00 | 93.00 | 110.00 | NOTE | |
| r-patched-linux-x86_64 | 1.13 | 6.42 | 46.66 | 53.08 | NOTE | |
| r-release-linux-x86_64 | 1.13 | 5.15 | 46.55 | 51.70 | NOTE | |
| r-release-macos-arm64 | 1.13 | NOTE | ||||
| r-release-macos-x86_64 | 1.13 | 8.00 | 49.00 | 57.00 | NOTE | |
| r-release-windows-x86_64 | 1.13 | 11.00 | 89.00 | 100.00 | NOTE | |
| r-oldrel-macos-arm64 | 1.13 | NOTE | ||||
| r-oldrel-macos-x86_64 | 1.13 | 5.00 | 45.00 | 50.00 | NOTE | |
| r-oldrel-windows-x86_64 | 1.13 | 16.00 | 101.00 | 117.00 | NOTE |
Version: 1.13
Check: Rd files
Result: NOTE
checkRd: (-1) getOperatingSystem.Rd:26: Lost braces in \itemize; meant \describe ?
checkRd: (-1) getOperatingSystem.Rd:27: Lost braces in \itemize; meant \describe ?
checkRd: (-1) getOperatingSystem.Rd:28: Lost braces in \itemize; meant \describe ?
checkRd: (-1) getOperatingSystem.Rd:29: Lost braces in \itemize; meant \describe ?
checkRd: (-1) getOperatingSystem.Rd:30: Lost braces in \itemize; meant \describe ?
Flavors: r-devel-linux-x86_64-debian-clang, r-devel-linux-x86_64-debian-gcc, r-devel-linux-x86_64-fedora-clang, r-devel-linux-x86_64-fedora-gcc, r-devel-windows-x86_64, r-patched-linux-x86_64, r-release-linux-x86_64, r-release-macos-arm64, r-release-macos-x86_64, r-release-windows-x86_64, r-oldrel-macos-arm64, r-oldrel-macos-x86_64, r-oldrel-windows-x86_64