CRAN Package Check Results for Package Ac3net

Last updated on 2025-11-14 21:49:52 CET.

Flavor Version Tinstall Tcheck Ttotal Status Flags
r-devel-linux-x86_64-debian-clang 1.2.2 2.50 27.71 30.21 NOTE
r-devel-linux-x86_64-debian-gcc 1.2.2 1.87 21.83 23.70 NOTE
r-devel-linux-x86_64-fedora-clang 1.2.2 43.70 OK
r-devel-linux-x86_64-fedora-gcc 1.2.2 41.22 OK
r-devel-windows-x86_64 1.2.2 4.00 47.00 51.00 OK
r-patched-linux-x86_64 1.2.2 2.56 25.45 28.01 OK
r-release-linux-x86_64 1.2.2 1.77 25.65 27.42 OK
r-release-macos-arm64 1.2.2 1.00 16.00 17.00 OK
r-release-macos-x86_64 1.2.2 2.00 26.00 28.00 OK
r-release-windows-x86_64 1.2.2 5.00 46.00 51.00 OK
r-oldrel-macos-arm64 1.2.2 1.00 20.00 21.00 OK
r-oldrel-macos-x86_64 1.2.2 2.00 23.00 25.00 OK
r-oldrel-windows-x86_64 1.2.2 4.00 52.00 56.00 OK

Check Details

Version: 1.2.2
Check: CRAN incoming feasibility
Result: NOTE Maintainer: ‘Gokmen Altay <altaylabs@gmail.com>’ No Authors@R field in DESCRIPTION. Please add one, modifying Authors@R: person(given = "Gokmen", family = "Altay", role = c("aut", "cre"), email = "altaylabs@gmail.com") as necessary. Flavors: r-devel-linux-x86_64-debian-clang, r-devel-linux-x86_64-debian-gcc